{"id":182,"date":"2024-11-09T12:09:40","date_gmt":"2024-11-09T15:09:40","guid":{"rendered":"https:\/\/alcjb.com.br\/jornada2025\/?page_id=182"},"modified":"2025-08-04T15:53:49","modified_gmt":"2025-08-04T18:53:49","slug":"inscricoes","status":"publish","type":"page","link":"https:\/\/alcjb.com.br\/jornada2025\/inscricoes\/","title":{"rendered":"INSCRI\u00c7\u00d5ES"},"content":{"rendered":"\t\t<div data-elementor-type=\"wp-page\" data-elementor-id=\"182\" class=\"elementor elementor-182\">\n\t\t\t\t\t\t<section class=\"elementor-section elementor-top-section elementor-element elementor-element-fbb4a0d elementor-section-full_width elementor-section-height-min-height elementor-section-content-middle elementor-section-stretched elementor-section-height-default elementor-section-items-middle\" data-id=\"fbb4a0d\" data-element_type=\"section\" data-e-type=\"section\" data-settings=\"{&quot;stretch_section&quot;:&quot;section-stretched&quot;,&quot;background_background&quot;:&quot;classic&quot;}\">\n\t\t\t\t\t\t<div class=\"elementor-container elementor-column-gap-default\">\n\t\t\t\t\t<div class=\"elementor-column elementor-col-100 elementor-top-column elementor-element elementor-element-f95b351\" data-id=\"f95b351\" data-element_type=\"column\" data-e-type=\"column\">\n\t\t\t<div class=\"elementor-widget-wrap elementor-element-populated\">\n\t\t\t\t\t\t<div class=\"elementor-element elementor-element-93aa5b4 elementor-widget elementor-widget-heading\" data-id=\"93aa5b4\" data-element_type=\"widget\" data-e-type=\"widget\" data-widget_type=\"heading.default\">\n\t\t\t\t<div class=\"elementor-widget-container\">\n\t\t\t\t\t<h1 class=\"elementor-heading-title elementor-size-default\">INSCRI\u00c7\u00d5ES<\/h1>\t\t\t\t<\/div>\n\t\t\t\t<\/div>\n\t\t\t\t\t<\/div>\n\t\t<\/div>\n\t\t\t\t\t<\/div>\n\t\t<\/section>\n\t\t\t\t<section class=\"elementor-section elementor-top-section elementor-element elementor-element-e7b7694 elementor-section-boxed elementor-section-height-default elementor-section-height-default\" data-id=\"e7b7694\" data-element_type=\"section\" data-e-type=\"section\" data-settings=\"{&quot;background_background&quot;:&quot;classic&quot;}\">\n\t\t\t\t\t\t<div class=\"elementor-container elementor-column-gap-default\">\n\t\t\t\t\t<div class=\"elementor-column elementor-col-100 elementor-top-column elementor-element elementor-element-2fab55d\" data-id=\"2fab55d\" data-element_type=\"column\" data-e-type=\"column\" data-settings=\"{&quot;background_background&quot;:&quot;classic&quot;}\">\n\t\t\t<div class=\"elementor-widget-wrap elementor-element-populated\">\n\t\t\t\t\t\t<div class=\"elementor-element elementor-element-ee9c3df elementor-widget elementor-widget-text-editor\" data-id=\"ee9c3df\" data-element_type=\"widget\" data-e-type=\"widget\" data-widget_type=\"text-editor.default\">\n\t\t\t\t<div class=\"elementor-widget-container\">\n\t\t\t\t\t\t\t\t\t<h2 style=\"text-align: center;\">REGRAS \u2013 JORNADA LYONESA DE CIRURGIA DO JOELHO 2025<\/h2><h3>\u00a0<\/h3><h3>Sistema de Registro<\/h3><p>Para se inscrever, voc\u00ea deve preencher o formul\u00e1rio de cadastro com as suas informa\u00e7\u00f5es pessoais. Ao registrar-se, voc\u00ea deve fornecer um e-mail (que ser\u00e1 seu login) para acessar a sua \u00e1rea restrita de inscri\u00e7\u00e3o. Certifique-se de que o seu endere\u00e7o de e-mail fornecido no formul\u00e1rio est\u00e1 correto, pois ele ser\u00e1 utilizado para todas as nossas comunica\u00e7\u00f5es com voc\u00ea.<br \/><strong>*A inscri\u00e7\u00e3o somente ser\u00e1 conclu\u00edda ap\u00f3s a confirma\u00e7\u00e3o do pagamento.<\/strong><\/p><h3>M\u00e9todo de Pagamento<\/h3><p>Boleto, Cart\u00e3o de cr\u00e9dito e PIX.<\/p><h3>Taxa de Inscri\u00e7\u00e3o<\/h3><p>A taxa de inscri\u00e7\u00e3o n\u00e3o inclui custos referentes a voos e hospedagem.<\/p><h3>Comprovante de Categoria<\/h3><p><strong>Categoria \u201cAcad\u00eamicos&#8221;<\/strong>. Deve ser anexada no formul\u00e1rio de registro a declara\u00e7\u00e3o da universidade onde estuda com vig\u00eancia atual. <strong>Categoria \u201cResidentes\u201d<\/strong>. Deve ser anexada no formul\u00e1rio de registro a declara\u00e7\u00e3o da resid\u00eancia m\u00e9dica com NOME\u00a0e\u00a0DATA\u00a0RECENTE.<\/p><h3>Pol\u00edtica de Cancelamento e Reembolso<\/h3><p>Os cancelamentos devem ser solicitados via e-mail para <a href=\"mailto:inscricao@mezclaeventos.com.br\" target=\"_blank\" rel=\"noopener\">inscricao@mezclaeventos.com.br<\/a> \u00a0no assunto JLCJ | Reembolso, at\u00e9 30\/06\/2025.<\/p><ul><li><strong>Valor a ser restitu\u00eddo:<\/strong> 70% da quantia paga.<\/li><li><strong>Prazo para ressarcimento:<\/strong> at\u00e9 30 dias ap\u00f3s o t\u00e9rmino do evento.<\/li><li><strong>A partir de 01\/07\/2025 nenhum reembolso ser\u00e1 aceito.<\/strong><\/li><\/ul><p><strong>* Em caso de n\u00e3o comparecimento ao evento nenhum reembolso ser\u00e1 devido.<\/strong><\/p><h3>Transfer\u00eancia de Inscri\u00e7\u00e3o<\/h3><p>A substitui\u00e7\u00e3o do participante dever\u00e1 ser solicitada via e-mail <a href=\"mailto:inscricao@mezclaeventos.com.br\" target=\"_blank\" rel=\"noopener\">inscricao@mezclaeventos.com.br<\/a> at\u00e9 24\/07\/2025, ap\u00f3s esta data, n\u00e3o haver\u00e1 substitui\u00e7\u00f5es. Esse procedimento est\u00e1 dispon\u00edvel apenas para pessoas da mesma categoria.<\/p>\t\t\t\t\t\t\t\t<\/div>\n\t\t\t\t<\/div>\n\t\t\t\t\t<\/div>\n\t\t<\/div>\n\t\t\t\t\t<\/div>\n\t\t<\/section>\n\t\t\t\t<section class=\"elementor-section elementor-top-section elementor-element elementor-element-14b1a1f elementor-section-boxed elementor-section-height-default elementor-section-height-default\" data-id=\"14b1a1f\" data-element_type=\"section\" data-e-type=\"section\">\n\t\t\t\t\t\t<div class=\"elementor-container elementor-column-gap-default\">\n\t\t\t\t\t<div class=\"elementor-column elementor-col-100 elementor-top-column elementor-element elementor-element-be19177\" data-id=\"be19177\" data-element_type=\"column\" data-e-type=\"column\">\n\t\t\t<div class=\"elementor-widget-wrap elementor-element-populated\">\n\t\t\t\t\t\t<div class=\"elementor-element elementor-element-40c3b81 elementor-widget elementor-widget-html\" data-id=\"40c3b81\" data-element_type=\"widget\" data-e-type=\"widget\" data-widget_type=\"html.default\">\n\t\t\t\t<div class=\"elementor-widget-container\">\n\t\t\t\t\t<h3 style=\"text-align:center\">Ag\u00eancia oficial:<\/h3>\n<h5 style=\"text-align:center\">\n<img decoding=\"async\" src=\"https:\/\/alcjb.com.br\/jornada2023\/wp-content\/uploads\/2023\/03\/lunestour.png\" alt=\"Logo Lunes Tour\"><br>\nFa\u00e7a sua reserva atrav\u00e9s do nosso site<a href=\"http:\/\/www.lunestour.com.br\"> www.lunestour.com.br<\/a> ou por e-mail: <a href=\"mailto:eventos@lunestour.com.br\">eventos@lunestour.com.br<\/a><br>\nAtendimento para d\u00favidas (WhatsApp): 11 98879-8920 \/ 11 91369-6320 \/ 11\u00a098268-0133<\/h5>\t\t\t\t<\/div>\n\t\t\t\t<\/div>\n\t\t\t\t\t<\/div>\n\t\t<\/div>\n\t\t\t\t\t<\/div>\n\t\t<\/section>\n\t\t\t\t<\/div>\n\t\t","protected":false},"excerpt":{"rendered":"<p>INSCRI\u00c7\u00d5ES REGRAS \u2013 JORNADA LYONESA DE CIRURGIA DO JOELHO 2025 \u00a0 Sistema de Registro Para se inscrever, voc\u00ea deve preencher [&hellip;]<\/p>\n","protected":false},"author":1,"featured_media":0,"parent":0,"menu_order":0,"comment_status":"closed","ping_status":"closed","template":"elementor_header_footer","meta":{"site-sidebar-layout":"no-sidebar","site-content-layout":"","ast-site-content-layout":"full-width-container","site-content-style":"default","site-sidebar-style":"default","ast-global-header-display":"","ast-banner-title-visibility":"","ast-main-header-display":"","ast-hfb-above-header-display":"","ast-hfb-below-header-display":"","ast-hfb-mobile-header-display":"","site-post-title":"disabled","ast-breadcrumbs-content":"","ast-featured-img":"disabled","footer-sml-layout":"","theme-transparent-header-meta":"default","adv-header-id-meta":"","stick-header-meta":"","header-above-stick-meta":"","header-main-stick-meta":"","header-below-stick-meta":"","astra-migrate-meta-layouts":"set","ast-page-background-enabled":"default","ast-page-background-meta":{"desktop":{"background-color":"var(--ast-global-color-4)","background-image":"","background-repeat":"repeat","background-position":"center center","background-size":"auto","background-attachment":"scroll","background-type":"","background-media":"","overlay-type":"","overlay-color":"","overlay-opacity":"","overlay-gradient":""},"tablet":{"background-color":"","background-image":"","background-repeat":"repeat","background-position":"center center","background-size":"auto","background-attachment":"scroll","background-type":"","background-media":"","overlay-type":"","overlay-color":"","overlay-opacity":"","overlay-gradient":""},"mobile":{"background-color":"","background-image":"","background-repeat":"repeat","background-position":"center center","background-size":"auto","background-attachment":"scroll","background-type":"","background-media":"","overlay-type":"","overlay-color":"","overlay-opacity":"","overlay-gradient":""}},"ast-content-background-meta":{"desktop":{"background-color":"var(--ast-global-color-5)","background-image":"","background-repeat":"repeat","background-position":"center center","background-size":"auto","background-attachment":"scroll","background-type":"","background-media":"","overlay-type":"","overlay-color":"","overlay-opacity":"","overlay-gradient":""},"tablet":{"background-color":"var(--ast-global-color-5)","background-image":"","background-repeat":"repeat","background-position":"center center","background-size":"auto","background-attachment":"scroll","background-type":"","background-media":"","overlay-type":"","overlay-color":"","overlay-opacity":"","overlay-gradient":""},"mobile":{"background-color":"var(--ast-global-color-5)","background-image":"","background-repeat":"repeat","background-position":"center center","background-size":"auto","background-attachment":"scroll","background-type":"","background-media":"","overlay-type":"","overlay-color":"","overlay-opacity":"","overlay-gradient":""}},"footnotes":""},"class_list":["post-182","page","type-page","status-publish","hentry"],"_links":{"self":[{"href":"https:\/\/alcjb.com.br\/jornada2025\/wp-json\/wp\/v2\/pages\/182","targetHints":{"allow":["GET"]}}],"collection":[{"href":"https:\/\/alcjb.com.br\/jornada2025\/wp-json\/wp\/v2\/pages"}],"about":[{"href":"https:\/\/alcjb.com.br\/jornada2025\/wp-json\/wp\/v2\/types\/page"}],"author":[{"embeddable":true,"href":"https:\/\/alcjb.com.br\/jornada2025\/wp-json\/wp\/v2\/users\/1"}],"replies":[{"embeddable":true,"href":"https:\/\/alcjb.com.br\/jornada2025\/wp-json\/wp\/v2\/comments?post=182"}],"version-history":[{"count":238,"href":"https:\/\/alcjb.com.br\/jornada2025\/wp-json\/wp\/v2\/pages\/182\/revisions"}],"predecessor-version":[{"id":3081,"href":"https:\/\/alcjb.com.br\/jornada2025\/wp-json\/wp\/v2\/pages\/182\/revisions\/3081"}],"wp:attachment":[{"href":"https:\/\/alcjb.com.br\/jornada2025\/wp-json\/wp\/v2\/media?parent=182"}],"curies":[{"name":"wp","href":"https:\/\/api.w.org\/{rel}","templated":true}]}}