{"id":1840,"date":"2025-06-21T17:19:57","date_gmt":"2025-06-21T20:19:57","guid":{"rendered":"https:\/\/alcjb.com.br\/jornada2025\/?page_id=1840"},"modified":"2025-07-09T23:28:43","modified_gmt":"2025-07-10T02:28:43","slug":"cadaver-lab","status":"publish","type":"page","link":"https:\/\/alcjb.com.br\/jornada2025\/cadaver-lab\/","title":{"rendered":"CAD\u00c1VER LAB"},"content":{"rendered":"\t\t<div data-elementor-type=\"wp-page\" data-elementor-id=\"1840\" class=\"elementor elementor-1840\">\n\t\t\t\t\t\t<section class=\"elementor-section elementor-top-section elementor-element elementor-element-9ff205d elementor-section-full_width elementor-section-height-min-height elementor-section-content-middle elementor-section-stretched elementor-section-height-default elementor-section-items-middle\" data-id=\"9ff205d\" data-element_type=\"section\" data-e-type=\"section\" data-settings=\"{&quot;stretch_section&quot;:&quot;section-stretched&quot;,&quot;background_background&quot;:&quot;classic&quot;}\">\n\t\t\t\t\t\t<div class=\"elementor-container elementor-column-gap-default\">\n\t\t\t\t\t<div class=\"elementor-column elementor-col-100 elementor-top-column elementor-element elementor-element-b5135ff\" data-id=\"b5135ff\" data-element_type=\"column\" data-e-type=\"column\">\n\t\t\t<div class=\"elementor-widget-wrap elementor-element-populated\">\n\t\t\t\t\t\t<div class=\"elementor-element elementor-element-295b9d6 elementor-widget elementor-widget-heading\" data-id=\"295b9d6\" data-element_type=\"widget\" data-e-type=\"widget\" data-widget_type=\"heading.default\">\n\t\t\t\t<div class=\"elementor-widget-container\">\n\t\t\t\t\t<h1 class=\"elementor-heading-title elementor-size-default\">CAD\u00c1VER LAB<\/h1>\t\t\t\t<\/div>\n\t\t\t\t<\/div>\n\t\t\t\t\t<\/div>\n\t\t<\/div>\n\t\t\t\t\t<\/div>\n\t\t<\/section>\n\t\t\t\t<section class=\"elementor-section elementor-top-section elementor-element elementor-element-1d6ed0b elementor-section-boxed elementor-section-height-default elementor-section-height-default\" data-id=\"1d6ed0b\" data-element_type=\"section\" data-e-type=\"section\">\n\t\t\t\t\t\t<div class=\"elementor-container elementor-column-gap-default\">\n\t\t\t\t\t<div class=\"elementor-column elementor-col-100 elementor-top-column elementor-element elementor-element-4f3ed68\" data-id=\"4f3ed68\" data-element_type=\"column\" data-e-type=\"column\">\n\t\t\t<div class=\"elementor-widget-wrap elementor-element-populated\">\n\t\t\t\t\t\t<div class=\"elementor-element elementor-element-0cc3c9e elementor-widget elementor-widget-heading\" data-id=\"0cc3c9e\" data-element_type=\"widget\" data-e-type=\"widget\" data-widget_type=\"heading.default\">\n\t\t\t\t<div class=\"elementor-widget-container\">\n\t\t\t\t\t<h1 class=\"elementor-heading-title elementor-size-default\">Cad\u00e1ver Lab \u2013 Jornada Lyonesa<\/h1>\t\t\t\t<\/div>\n\t\t\t\t<\/div>\n\t\t\t\t<div class=\"elementor-element elementor-element-05f795e elementor-widget elementor-widget-heading\" data-id=\"05f795e\" data-element_type=\"widget\" data-e-type=\"widget\" data-widget_type=\"heading.default\">\n\t\t\t\t<div class=\"elementor-widget-container\">\n\t\t\t\t\t<h2 class=\"elementor-heading-title elementor-size-default\">Dia 30 de julho de 2025 \u2013 ITC-S\u00e3o Paulo\n<\/h2>\t\t\t\t<\/div>\n\t\t\t\t<\/div>\n\t\t\t\t<div class=\"elementor-element elementor-element-d80e566 elementor-widget elementor-widget-heading\" data-id=\"d80e566\" data-element_type=\"widget\" data-e-type=\"widget\" data-widget_type=\"heading.default\">\n\t\t\t\t<div class=\"elementor-widget-container\">\n\t\t\t\t\t<h3 class=\"elementor-heading-title elementor-size-default\">ITC Jardins - Rua Estados Unidos, 476, Jardim Am\u00e9rica <br>\nCEP:\u00a001427-000<\/h3>\t\t\t\t<\/div>\n\t\t\t\t<\/div>\n\t\t\t\t<div class=\"elementor-element elementor-element-f629aa6 elementor-widget elementor-widget-heading\" data-id=\"f629aa6\" data-element_type=\"widget\" data-e-type=\"widget\" data-widget_type=\"heading.default\">\n\t\t\t\t<div class=\"elementor-widget-container\">\n\t\t\t\t\t<h2 class=\"elementor-heading-title elementor-size-default\">Um dia inteiro de pr\u00e1tica avan\u00e7ada em t\u00e9cnicas meniscais e ligamentares, com grandes nomes da cirurgia do joelho!<\/h2>\t\t\t\t<\/div>\n\t\t\t\t<\/div>\n\t\t\t\t<div class=\"elementor-element elementor-element-9e5407d elementor-widget elementor-widget-image\" data-id=\"9e5407d\" data-element_type=\"widget\" data-e-type=\"widget\" data-widget_type=\"image.default\">\n\t\t\t\t<div class=\"elementor-widget-container\">\n\t\t\t\t\t\t\t\t\t\t\t\t\t\t\t<img fetchpriority=\"high\" decoding=\"async\" width=\"856\" height=\"245\" src=\"https:\/\/alcjb.com.br\/jornada2025\/wp-content\/uploads\/2025\/06\/instrutores-cadaver-lab-lyonesa1.png\" class=\"attachment-full size-full wp-image-1998\" alt=\"instrutores 1\" srcset=\"https:\/\/alcjb.com.br\/jornada2025\/wp-content\/uploads\/2025\/06\/instrutores-cadaver-lab-lyonesa1.png 856w, https:\/\/alcjb.com.br\/jornada2025\/wp-content\/uploads\/2025\/06\/instrutores-cadaver-lab-lyonesa1-300x86.png 300w, https:\/\/alcjb.com.br\/jornada2025\/wp-content\/uploads\/2025\/06\/instrutores-cadaver-lab-lyonesa1-768x220.png 768w\" sizes=\"(max-width: 856px) 100vw, 856px\" \/>\t\t\t\t\t\t\t\t\t\t\t\t\t\t\t<\/div>\n\t\t\t\t<\/div>\n\t\t\t\t<div class=\"elementor-element elementor-element-a8cfd6a elementor-widget elementor-widget-image\" data-id=\"a8cfd6a\" data-element_type=\"widget\" data-e-type=\"widget\" data-widget_type=\"image.default\">\n\t\t\t\t<div class=\"elementor-widget-container\">\n\t\t\t\t\t\t\t\t\t\t\t\t\t\t\t<img decoding=\"async\" width=\"1035\" height=\"245\" src=\"https:\/\/alcjb.com.br\/jornada2025\/wp-content\/uploads\/2025\/07\/instrutores-cadaver-lab-lyonesa2.png\" class=\"attachment-full size-full wp-image-2739\" alt=\"instrutores 2\" srcset=\"https:\/\/alcjb.com.br\/jornada2025\/wp-content\/uploads\/2025\/07\/instrutores-cadaver-lab-lyonesa2.png 1035w, https:\/\/alcjb.com.br\/jornada2025\/wp-content\/uploads\/2025\/07\/instrutores-cadaver-lab-lyonesa2-300x71.png 300w, https:\/\/alcjb.com.br\/jornada2025\/wp-content\/uploads\/2025\/07\/instrutores-cadaver-lab-lyonesa2-1024x242.png 1024w, https:\/\/alcjb.com.br\/jornada2025\/wp-content\/uploads\/2025\/07\/instrutores-cadaver-lab-lyonesa2-768x182.png 768w\" sizes=\"(max-width: 1035px) 100vw, 1035px\" \/>\t\t\t\t\t\t\t\t\t\t\t\t\t\t\t<\/div>\n\t\t\t\t<\/div>\n\t\t\t\t<div class=\"elementor-element elementor-element-16bef7d elementor-widget elementor-widget-heading\" data-id=\"16bef7d\" data-element_type=\"widget\" data-e-type=\"widget\" data-widget_type=\"heading.default\">\n\t\t\t\t<div class=\"elementor-widget-container\">\n\t\t\t\t\t<h2 class=\"elementor-heading-title elementor-size-default\">PROGRAMA<\/h2>\t\t\t\t<\/div>\n\t\t\t\t<\/div>\n\t\t\t\t<div class=\"elementor-element elementor-element-41417b0 elementor-widget elementor-widget-heading\" data-id=\"41417b0\" data-element_type=\"widget\" data-e-type=\"widget\" data-widget_type=\"heading.default\">\n\t\t\t\t<div class=\"elementor-widget-container\">\n\t\t\t\t\t<h2 class=\"elementor-heading-title elementor-size-default\">O que voc\u00ea ir\u00e1 treinar no LAB da Jornada Lyonesa:<\/h2>\t\t\t\t<\/div>\n\t\t\t\t<\/div>\n\t\t\t\t\t<\/div>\n\t\t<\/div>\n\t\t\t\t\t<\/div>\n\t\t<\/section>\n\t\t\t\t<section class=\"elementor-section elementor-top-section elementor-element elementor-element-da51f42 elementor-section-stretched elementor-section-boxed elementor-section-height-default elementor-section-height-default\" data-id=\"da51f42\" data-element_type=\"section\" data-e-type=\"section\" data-settings=\"{&quot;stretch_section&quot;:&quot;section-stretched&quot;,&quot;background_background&quot;:&quot;classic&quot;}\">\n\t\t\t\t\t\t<div class=\"elementor-container elementor-column-gap-default\">\n\t\t\t\t\t<div class=\"elementor-column elementor-col-50 elementor-top-column elementor-element elementor-element-2cf2929\" data-id=\"2cf2929\" data-element_type=\"column\" data-e-type=\"column\" data-settings=\"{&quot;background_background&quot;:&quot;classic&quot;}\">\n\t\t\t<div class=\"elementor-widget-wrap elementor-element-populated\">\n\t\t\t\t\t\t<div class=\"elementor-element elementor-element-7b47c45 elementor-widget elementor-widget-text-editor\" data-id=\"7b47c45\" data-element_type=\"widget\" data-e-type=\"widget\" data-widget_type=\"text-editor.default\">\n\t\t\t\t<div class=\"elementor-widget-container\">\n\t\t\t\t\t\t\t\t\t<h4>Per\u00edodo da manh\u00e3<\/h4><h3>T\u00e9cnicas meniscais<\/h3><p><br \/>\u2022 Les\u00e3o de raiz meniscal (medial e lateral)<br \/>\u2022 Les\u00e3o tipo rampa<br \/>\u2022 Les\u00e3o radial<br \/>\u2022 Les\u00e3o vertical\/horizontal<br \/>\u2022 Sutura meniscal all-inside<br \/>\u2022 Sutura meniscal cont\u00ednua<br \/>\u2022 T\u00e9cnica inside-out e outside-in<br \/>\u2022 Sutura no popl\u00edteo<\/p>\t\t\t\t\t\t\t\t<\/div>\n\t\t\t\t<\/div>\n\t\t\t\t\t<\/div>\n\t\t<\/div>\n\t\t\t\t<div class=\"elementor-column elementor-col-50 elementor-top-column elementor-element elementor-element-d48c0d8\" data-id=\"d48c0d8\" data-element_type=\"column\" data-e-type=\"column\" data-settings=\"{&quot;background_background&quot;:&quot;classic&quot;}\">\n\t\t\t<div class=\"elementor-widget-wrap elementor-element-populated\">\n\t\t\t\t\t\t<div class=\"elementor-element elementor-element-11b4416 elementor-widget elementor-widget-text-editor\" data-id=\"11b4416\" data-element_type=\"widget\" data-e-type=\"widget\" data-widget_type=\"text-editor.default\">\n\t\t\t\t<div class=\"elementor-widget-container\">\n\t\t\t\t\t\t\t\t\t<h4 style=\"text-align: left;\">Per\u00edodo da tarde<\/h4><h3>Reconstru\u00e7\u00f5es ligamentares<\/h3><p><br \/>\u2022 Reconstru\u00e7\u00e3o do LCA Out-In<br \/>\u2022 Reconstru\u00e7\u00e3o do LCA In-Out<br \/>\u2022 Reconstru\u00e7\u00e3o do LCA retr\u00f3grada<br \/>\u2022 Reconstru\u00e7\u00e3o do LCA bottom-to-bottom<br \/>\u2022 Reconstru\u00e7\u00e3o do LCP<br \/>\u2022 Acesso transeptal<br \/>\u2022 Reconstru\u00e7\u00e3o do canto posterolateral<br \/>\u2022 Reconstru\u00e7\u00e3o do LCM<br \/>\u2022 Reconstru\u00e7\u00f5es extra-articulares: ALL, tenodese lateral, AOL<\/p>\t\t\t\t\t\t\t\t<\/div>\n\t\t\t\t<\/div>\n\t\t\t\t\t<\/div>\n\t\t<\/div>\n\t\t\t\t\t<\/div>\n\t\t<\/section>\n\t\t\t\t<section class=\"elementor-section elementor-top-section elementor-element elementor-element-0df5cba elementor-section-boxed elementor-section-height-default elementor-section-height-default\" data-id=\"0df5cba\" data-element_type=\"section\" data-e-type=\"section\" data-settings=\"{&quot;background_background&quot;:&quot;classic&quot;}\">\n\t\t\t\t\t\t<div class=\"elementor-container elementor-column-gap-default\">\n\t\t\t\t\t<div class=\"elementor-column elementor-col-100 elementor-top-column elementor-element elementor-element-1509dd9\" data-id=\"1509dd9\" data-element_type=\"column\" data-e-type=\"column\">\n\t\t\t<div class=\"elementor-widget-wrap elementor-element-populated\">\n\t\t\t\t\t\t<div class=\"elementor-element elementor-element-43f378b elementor-widget elementor-widget-heading\" data-id=\"43f378b\" data-element_type=\"widget\" data-e-type=\"widget\" data-widget_type=\"heading.default\">\n\t\t\t\t<div class=\"elementor-widget-container\">\n\t\t\t\t\t<h2 class=\"elementor-heading-title elementor-size-default\">M\u00e3os na pr\u00e1tica!<\/h2>\t\t\t\t<\/div>\n\t\t\t\t<\/div>\n\t\t\t\t<div class=\"elementor-element elementor-element-c4c92d5 elementor-widget elementor-widget-heading\" data-id=\"c4c92d5\" data-element_type=\"widget\" data-e-type=\"widget\" data-widget_type=\"heading.default\">\n\t\t\t\t<div class=\"elementor-widget-container\">\n\t\t\t\t\t<h2 class=\"elementor-heading-title elementor-size-default\">O Cad\u00e1ver Lab da Jornada Lyonesa \u00e9 uma oportunidade \u00fanica para colocar em pr\u00e1tica t\u00e9cnicas que fazem a diferen\u00e7a no centro cir\u00fargico.<\/h2>\t\t\t\t<\/div>\n\t\t\t\t<\/div>\n\t\t\t\t<div class=\"elementor-element elementor-element-2dcc6e1 elementor-widget elementor-widget-heading\" data-id=\"2dcc6e1\" data-element_type=\"widget\" data-e-type=\"widget\" data-widget_type=\"heading.default\">\n\t\t\t\t<div class=\"elementor-widget-container\">\n\t\t\t\t\t<h2 class=\"elementor-heading-title elementor-size-default\">Vagas limitadas. Garanta a sua!<\/h2>\t\t\t\t<\/div>\n\t\t\t\t<\/div>\n\t\t\t\t<div class=\"elementor-element elementor-element-6805e01 elementor-align-center elementor-widget elementor-widget-button\" data-id=\"6805e01\" data-element_type=\"widget\" data-e-type=\"widget\" data-widget_type=\"button.default\">\n\t\t\t\t<div class=\"elementor-widget-container\">\n\t\t\t\t\t\t\t\t\t<div class=\"elementor-button-wrapper\">\n\t\t\t\t\t<a class=\"elementor-button elementor-button-link elementor-size-sm\" href=\"https:\/\/icongresso.alcjb.itarget.com.br\/estacao\/index\/index\/evento\/3\" target=\"_blank\">\n\t\t\t\t\t\t<span class=\"elementor-button-content-wrapper\">\n\t\t\t\t\t\t\t\t\t<span class=\"elementor-button-text\">CLIQUE AQUI PARA SE INSCREVER<\/span>\n\t\t\t\t\t<\/span>\n\t\t\t\t\t<\/a>\n\t\t\t\t<\/div>\n\t\t\t\t\t\t\t\t<\/div>\n\t\t\t\t<\/div>\n\t\t\t\t<div class=\"elementor-element elementor-element-02b784f elementor-widget elementor-widget-heading\" data-id=\"02b784f\" data-element_type=\"widget\" data-e-type=\"widget\" data-widget_type=\"heading.default\">\n\t\t\t\t<div class=\"elementor-widget-container\">\n\t\t\t\t\t<h2 class=\"elementor-heading-title elementor-size-default\">Valor da inscri\u00e7\u00e3o: R$ 12.000,00<\/h2>\t\t\t\t<\/div>\n\t\t\t\t<\/div>\n\t\t\t\t\t<\/div>\n\t\t<\/div>\n\t\t\t\t\t<\/div>\n\t\t<\/section>\n\t\t\t\t<\/div>\n\t\t","protected":false},"excerpt":{"rendered":"<p>CAD\u00c1VER LAB Cad\u00e1ver Lab \u2013 Jornada Lyonesa Dia 30 de julho de 2025 \u2013 ITC-S\u00e3o Paulo ITC Jardins &#8211; Rua [&hellip;]<\/p>\n","protected":false},"author":1,"featured_media":0,"parent":0,"menu_order":0,"comment_status":"closed","ping_status":"closed","template":"elementor_header_footer","meta":{"site-sidebar-layout":"no-sidebar","site-content-layout":"","ast-site-content-layout":"full-width-container","site-content-style":"default","site-sidebar-style":"default","ast-global-header-display":"","ast-banner-title-visibility":"","ast-main-header-display":"","ast-hfb-above-header-display":"","ast-hfb-below-header-display":"","ast-hfb-mobile-header-display":"","site-post-title":"disabled","ast-breadcrumbs-content":"","ast-featured-img":"disabled","footer-sml-layout":"","theme-transparent-header-meta":"default","adv-header-id-meta":"","stick-header-meta":"","header-above-stick-meta":"","header-main-stick-meta":"","header-below-stick-meta":"","astra-migrate-meta-layouts":"set","ast-page-background-enabled":"default","ast-page-background-meta":{"desktop":{"background-color":"var(--ast-global-color-4)","background-image":"","background-repeat":"repeat","background-position":"center center","background-size":"auto","background-attachment":"scroll","background-type":"","background-media":"","overlay-type":"","overlay-color":"","overlay-opacity":"","overlay-gradient":""},"tablet":{"background-color":"","background-image":"","background-repeat":"repeat","background-position":"center center","background-size":"auto","background-attachment":"scroll","background-type":"","background-media":"","overlay-type":"","overlay-color":"","overlay-opacity":"","overlay-gradient":""},"mobile":{"background-color":"","background-image":"","background-repeat":"repeat","background-position":"center center","background-size":"auto","background-attachment":"scroll","background-type":"","background-media":"","overlay-type":"","overlay-color":"","overlay-opacity":"","overlay-gradient":""}},"ast-content-background-meta":{"desktop":{"background-color":"var(--ast-global-color-5)","background-image":"","background-repeat":"repeat","background-position":"center center","background-size":"auto","background-attachment":"scroll","background-type":"","background-media":"","overlay-type":"","overlay-color":"","overlay-opacity":"","overlay-gradient":""},"tablet":{"background-color":"var(--ast-global-color-5)","background-image":"","background-repeat":"repeat","background-position":"center center","background-size":"auto","background-attachment":"scroll","background-type":"","background-media":"","overlay-type":"","overlay-color":"","overlay-opacity":"","overlay-gradient":""},"mobile":{"background-color":"var(--ast-global-color-5)","background-image":"","background-repeat":"repeat","background-position":"center center","background-size":"auto","background-attachment":"scroll","background-type":"","background-media":"","overlay-type":"","overlay-color":"","overlay-opacity":"","overlay-gradient":""}},"footnotes":""},"class_list":["post-1840","page","type-page","status-publish","hentry"],"_links":{"self":[{"href":"https:\/\/alcjb.com.br\/jornada2025\/wp-json\/wp\/v2\/pages\/1840","targetHints":{"allow":["GET"]}}],"collection":[{"href":"https:\/\/alcjb.com.br\/jornada2025\/wp-json\/wp\/v2\/pages"}],"about":[{"href":"https:\/\/alcjb.com.br\/jornada2025\/wp-json\/wp\/v2\/types\/page"}],"author":[{"embeddable":true,"href":"https:\/\/alcjb.com.br\/jornada2025\/wp-json\/wp\/v2\/users\/1"}],"replies":[{"embeddable":true,"href":"https:\/\/alcjb.com.br\/jornada2025\/wp-json\/wp\/v2\/comments?post=1840"}],"version-history":[{"count":151,"href":"https:\/\/alcjb.com.br\/jornada2025\/wp-json\/wp\/v2\/pages\/1840\/revisions"}],"predecessor-version":[{"id":2746,"href":"https:\/\/alcjb.com.br\/jornada2025\/wp-json\/wp\/v2\/pages\/1840\/revisions\/2746"}],"wp:attachment":[{"href":"https:\/\/alcjb.com.br\/jornada2025\/wp-json\/wp\/v2\/media?parent=1840"}],"curies":[{"name":"wp","href":"https:\/\/api.w.org\/{rel}","templated":true}]}}